ctors of h.
2
Let y be (-3 + -7)*(-1)/(-1). Let c = y - -21. List the prime factors of c.
11
Suppose -14*o = -18*o + 528. Suppose -o = -4*w - 3*g, w + 4*g = -w + 56. List the prime factors of w.
2, 3
What are the prime factors of 4/(-6) - 77/(-3)?
5
Suppose 3*c - 8 + 2 = 0. Let f(u) = u**3 - u - 1. What are the prime factors of f(c)?
5
Suppose -4*k + 20 = 5*y, -y + 3 = k - 2. Suppose -5*d + y*n - 3*n = -217, 0 = -4*d + 2*n + 178. Let s = d - 31. What are the prime factors of s?
13
Let x(p) = p - 3*p + p + 12. List the prime factors of x(9).
3
What are the prime factors of (-14)/(-21)*(-423)/(-6)?
47
Suppose 2*p - 5*g - 157 = -2*g, 0 = -2*p + g + 151. What are the prime factors of p?
2, 37
Let q(d) = -2*d + 19. Let r be q(7). Suppose -100 = -r*i + 80. What are the prime factors of i?
2, 3
Suppose -5*j = -38 - 62. Let q be (-9)/(-4) - 5/j. Suppose 32 = 2*h - 3*v, 3*h - 16 = q*h - 3*v. List the prime factors of h.
2
Let l(i) = 5 + 0 + 2 + 9*i. Let p be l(-5). What are the prime factors of (p + -1)/3*-1?
13
Let z = 25 + -16. Let q(j) = -j**3 - 2*j**2 - 5*j - 7. Let a(l) = 2*l**3 + 4*l**2 + 11*l + 15. Let w(i) = z*q(i) + 4*a(i). List the prime factors of w(-3).
3
Let p(y) = -y**2 + 5*y + 6. Let a(g) = g**2 + 7*g - 13. Let d be a(-9). Let n be p(d). Suppose -25 = -n*x + x. List the prime factors of x.
5
Suppose -4*i - 1 + 5 = 0. List the prime factors of 16 + (i - 4) + 0.
13
List the prime factors of ((-3)/(-3) + 2)/((-33)/(-3674)).
2, 167
Suppose -4*y + 6 = -2. Let q be ((-3)/y + 2)*-2. Let c(l) = -14*l + 1. What are the prime factors of c(q)?
3, 5
Suppose 3*z = -272 + 20. Let l = -34 - z. Suppose 0 = c + 4*c - l. List the prime factors of c.
2, 5
Suppose -2250 = 7*h - 12*h. What are the prime factors of h?
2, 3, 5
Let n(v) = -v - 7. Let t be n(-6). List the prime factors of 2/(t/((-9)/6)).
3
Let o = 124 + -54. Let z = -45 + o. What are the prime factors of z?
5
What are the prime factors of (87/9)/((-2)/(-12))?
2, 29
Suppose -1858 = -8*y + 942. What are the prime factors of y?
2, 5, 7
What are the prime factors of ((-40)/15)/(2/(-6))?
2
Let k(l) be the third derivative of 7/60*l**5 - 3*l**2 - 1/2*l**3 + 1/8*l**4 + 0*l + 0 + 1/120*l**6. What are the prime factors of k(-6)?
3, 5
Let y(z) = -z + 7. Let u be y(6). Let g be (u - 0)/((-3)/(-9)). Suppose 0 = -4*v + 4, a - 8 = -0*v + g*v. List the prime factors of a.
11
Let v be (-18)/15*(-20)/(-6). Let o = v - -7. Suppose -o = 4*m + 2*b - 19, 0 = 5*m - 3*b - 31. List the prime factors of m.
5
Let p(d) = 3*d**3 - 2*d**2 + 2*d - 3. Let l = -21 - -12. Let o = 11 + l. List the prime factors of p(o).
17
Let z(p) be the first derivative of p**4/4 - 2*p**3 + 3*p**2/2 - 9*p - 1. What are the prime factors of z(6)?
3
Suppose 0 = 3*h + m - 701, h - 2*m = -0*h + 222. List the prime factors of h.
2, 29
Let l(p) = -p + 2. Let w be l(0). Let j be 3/w*(-34)/(-3). Suppose 2*k - j - 7 = 0. List the prime factors of k.
2, 3
Let y(m) = -m + 4. Let j be y(-11). List the prime factors of 2/5 - (-114)/j.
2
Let d(b) = 3*b**2 + 3*b**3 + 2*b + 2*b - 2*b**3 + 2. Let i be d(-2). Let a = i + 10. What are the prime factors of a?
2
Let n = -11 - -8. Let f(b) = b**3 + 5*b**2 + 2*b - 4. Let y be f(n). Let p = y + -3. List the prime factors of p.
5
Let j = 10 + 5. List the prime factors of j.
3, 5
Let d be 8*(-2 - -13 - 3). Let u = d - 36. What are the prime factors of u?
2, 7
Suppose 66 = 2*x - 0*x. What are the prime factors of x?
3, 11
Suppose -1 = -2*g + g. Let d = g - -3. List the prime factors of d.
2
Suppose 5*v = 3*v - 4*y + 422, 419 = 2*v + y. List the prime factors of v.
11, 19
Let t = -177 - -503. What are the prime factors of t?
2, 163
Let j = 4 - 1. Let i = j - -2. Let l = 3 + i. What are the prime factors of l?
2
Suppose -67 = -3*t + w, 0 = -5*t - 0*w - 4*w + 89. What are the prime factors of t?
3, 7
Let x(w) = w + 5. Let q be x(-6). Let m(o) = 13*o**2 - 2. Let j(i) = 27*i**2 - 5. Let s(a) = -3*j(a) + 7*m(a). What are the prime factors of s(q)?
11
Let f = 6 - 2. Suppose -71 = -f*i + 93. List the prime factors of i.
41
Suppose -3*r + 0*r + 78 = 0. List the prime factors of r.
2, 13
Let f = 2 - -1. Suppose 0 = 3*k - 3*w - 12, 0 = -2*k + f*k - 2*w - 1. Suppose 3*t + 30 = k*t - 3*g, 0 = -2*t - 2*g + 22. List the prime factors of t.
3
Suppose 4*g - 15 = k + 3, k + 2 = 0. Suppose 4*j + 2*a = 74 + 16, 2*a = g*j - 94. List the prime factors of j.
23
Let f(c) = c**2 + 2*c - 6. Suppose 0 = -3*n + 4*u + u - 38, -5*n - 18 = 3*u. What are the prime factors of f(n)?
2, 3
Let k be 0/(4*(-2)/4). Suppose k - 5 = -b. List the prime factors of b.
5
Let i(s) = -25*s + 1. Let c be i(-3). Suppose c - 20 = 4*g. What are the prime factors of g?
2, 7
Suppose 4*w - 3*y = -49, 25 = -0*w - 4*w - 5*y. Suppose -4*k = 5*x + 50, -k + 2*k - x = -17. What are the prime factors of k/w - 2/(-4)?
2
Suppose 4*g - 5*u - 22 = 10, 0 = 4*u. Let c be ((0 + g)*-1)/1. Let y(j) = -j**2 - 9*j - 3. What are the prime factors of y(c)?
5
Suppose -1 + 9 = 2*g. Suppose g*j + j = 140. List the prime factors of j.
2, 7
Let w = -4 + 25. Suppose -4*f = -7*f + w. Suppose -p + f = 2*u, -p + 4*u = -0*u - 19. List the prime factors of p.
11
Suppose 0 = -m + 37 + 63. What are the prime factors of m?
2, 5
Let n(k) = -k + 8. Suppose -2*o - 10 - 4 = 0. List the prime factors of n(o).
3, 5
List the prime factors of (-2 + 1 - -163)*22/33.
2, 3
Let h(r) = r**2 - r. Let i be h(1). Suppose 3*a - 3 = i, 21 = 4*p - 4*a + a. What are the prime factors of p?
2, 3
Suppose -2*s - 2*s + 8 = 0. Suppose 0 = -d - k + 13, 33 = 3*d + s*k - 7. Suppose -5*z + 46 + d = 0. What are the prime factors of z?
2, 3
Let i = 4 - 2. What are the prime factors of (5 + -25)*i/(-4)?
2, 5
Let i = 7 + 3. Let h = i + -4. What are the prime factors of h?
2, 3
Let u(h) = h + 10. Let p be u(-5). Suppose 23 = -w - p*m, w = 2*w + 4*m + 18. List the prime factors of (6/w)/((-1)/(-2)).
2, 3
Suppose -h + q + 0 = 1, -5*q = 2*h - 26. Suppose -h*g - 72 = -6*g. What are the prime factors of g?
2, 3
Let m be (-110)/8 + (-1)/4. Let k = 36 + m. What are the prime factors of k?
2, 11
Let n(r) = 7*r - 23. List the prime factors of n(17).
2, 3
Let k(f) = -5*f + 4. Let s(h) = -6*h + 3. Let w(x) = 5*k(x) - 4*s(x). What are the prime factors of w(-9)?
17
Let c = -5 - -7. Let w(r) = 4*r**2 + 2*r + 1. List the prime factors of w(c).
3, 7
Suppose 2*l = -0*c - c + 71, 5*c = 3*l + 368. What are the prime factors of c?
73
Suppose 183 = 3*i - 5*p + 34, -p = -4*i + 227. Suppose -3*s + i = -2*h, h = -5*s + 79 - 4. What are the prime factors of s?
2
Let b = -9 - -12. Suppose 0 = -5*w + 3*h + 54, 0 = b*w - w - 3*h - 18. List the prime factors of w.
2, 3
Let h = 17 - -22. What are the prime factors of h?
3, 13
Let q = 0 + 1. Let a be q/(3/3) + -1. Suppose a*o = -o + 11. List the prime factors of o.
11
List the prime factors of (312/(-20))/((-3)/10).
2, 13
Suppose y + w = 143, 5*w = -4*y + 127 + 448. Suppose -4*o + y - 8 = 0. List the prime factors of o.
3, 11
Let g(p) = 11*p - 3. What are the prime factors of g(4)?
41
Suppose -a - 2*u + 5 = 0, -5*a - 50 = 3*u - 8*u. Let w(k) = 5*k - 2*k**3 - 2*k + 4 + k**3 + 2 - 4*k**2. What are the prime factors of w(a)?
2
Suppose 0 = j - 5*j + 196. What are the prime factors of j?
7
Suppose 2*c - 91 = 5. List the prime factors of c.
2, 3
Suppose 0 = 3*v + 1 + 2. Let i be 1 + v + 3 - -21. Suppose -i = -u - 2*m - 9, 5*u - 47 = 4*m. List the prime factors of u.
11
Suppose -5*i + 174 = -n, -2*i + 5*n = -4*i + 75. Suppose -3*j + 8*j = 5*l + i, -2*l = -4*j + 38. List the prime factors of j.
2, 3
Let b = -43 - -103. List the prime factors of b.
2, 3, 5
Suppose 2*o = -v + 55 + 18, -2*o + 5*v + 67 = 0. What are the prime factors of o?
2, 3
Let f = 18 - 23. What are the prime factors of 2/f - (-1309)/35?
37
Suppose -3*a = 5*k - 5 - 11, -4*a = 3*k - 14. Suppose 0*t = a*t - 4. Suppose -g = 2*q - 7 + t, -4*g - q = -20. What are the prime factors of g?
5
Suppose -f + 51 = 2*u - 6*f, 4*f - 20 = 0. Let n = u + -27. What are the prime factors of n?
11
Let a be (0/2)/(-3) + 6. Let u be 18/(0 + 2/1). What are the prime factors of u/a*28/6?
7
Suppose -3*j = 5*q - 50, -2*q + 4*j = 3*j - 9. What are the prime factors of q?
7
Let t(o) be the first derivative of 2*o**2 - 2. Let c be t(1). Suppose -12 = -8*l + c*l. List the prime factor